et d(s) = -5*s**3 - 4*s**2 + 624*s - 1894. Give d(3).
-193
Let j(f) = -2*f**3 - 93*f**2 - 49*f - 60. What is j(-46)?
78
Let b(r) = 87734*r + 1316025. Give b(-15).
15
Let v(h) = -h**3 - 229*h**2 + 3422*h + 683770. Determine v(-231).
10
Let f(x) = 4*x**2 + 2076*x + 73111. What is f(-38)?
-1
Let s(n) = 3*n**2 + 42*n - 147. What is s(-6)?
-291
Let g(a) = 3*a**2 + 634*a + 33263. What is g(-112)?
-113
Let g(n) = -19*n**2 + 643*n + 320. Give g(36).
-1156
Let f(k) = -k**3 - 491*k**2 + 6680*k + 64447. Determine f(-504).
-65
Let a(c) = -c**2 - 225*c + 4189. Calculate a(17).
75
Let g(j) = -791764*j - 3958813. Calculate g(-5).
7
Let j(v) = 3*v**3 - 2806*v**2 + 2747*v - 1694226. Give j(935).
-6
Let i(r) = -207*r**2 - 97493*r + 1875. Determine i(-471).
-9
Let y(o) = -3*o**2 + 320*o - 4790. Calculate y(18).
-2
Let n(b) = 18*b**2 + 1094*b + 3122. Calculate n(-3).
2
Let m(q) = 5*q**3 + 236*q**2 + 501*q + 178. Give m(-45).
-92
Let v(i) = -6*i**3 - 414*i**2 - 405*i - 44. Give v(-68).
-248
Let s(j) = -471*j + 35327. Calculate s(75).
2
Let n(k) = -14*k**3 + 4*k**2 + 21*k - 65. Give n(2).
-119
Let v(z) = -15*z**3 + 316*z**2 + 19*z - 870. Give v(21).
-30
Let a(o) = 24*o**3 - 1706*o**2 - 1749*o - 10. What is a(-1)?
9
Let i(o) = 2*o**2 + 6745*o + 5645843. Give i(-1543).
6
Let k(q) = 14937*q - 119541. Calculate k(8).
-45
Let i(v) = 2*v**3 + 55*v**2 - 470*v - 7213. Give i(-9).
14
Let g(k) = -74*k**3 - 294*k**2 - 23*k - 126. Determine g(-4).
-2
Let i(u) = 191*u**2 + 1618*u + 205. Calculate i(-8).
-515
Let r(a) = -a**3 - 41*a**2 - 3367*a - 61881. Give r(-21).
6
Let t(f) = -200*f - 4858. Calculate t(-26).
342
Let q(v) = -2*v**2 - 28*v + 3758. Give q(34).
494
Let z(j) = j**3 + 40*j**2 + 171*j + 442. Calculate z(-36).
-530
Let v(r) = r**2 + 8546*r - 11465773. Determine v(1179).
2
Let t(s) = 10*s**2 - 1609*s - 276. Give t(161).
-115
Let v(f) = 10*f**2 - 140*f - 2432. Determine v(32).
3328
Let t(r) = -r**3 + 105*r**2 - 656*r - 123. Give t(7).
87
Let y(d) = -2*d**3 + 306*d**2 + 171*d + 20870. Give y(154).
-228
Let l(v) = 33129*v + 231998. Give l(-7).
95
Let j(f) = f**3 - f**2 - 31742*f + 2. Determine j(0).
2
Let v(m) = -1105*m + 634277. Calculate v(574).
7
Let a(o) = -6831*o - 5785851. What is a(-847)?
6
Let d(h) = -5781496*h - 63596450. Give d(-11).
6
Let s(x) = 4*x**3 - 467*x**2 + 427*x - 9411. What is s(116)?
-247
Let v(w) = 8559*w - 616250. Give v(72).
-2
Let f(b) = -4756*b - 199881. Calculate f(-42).
-129
Let h(z) = -291742*z - 3209142. Give h(-11).
20
Let z(i) = -3*i**2 + 1307*i - 24913. Calculate z(20).
27
Let d(u) = u**2 + 4044*u + 116259. What is d(-29)?
-176
Let x(g) = g**3 - 4*g**2 - 2574*g - 7696. What is x(-3)?
-37
Let y(k) = 1007*k + 7199. Determine y(-7).
150
Let l(o) = -8*o**2 - 266*o - 1544. Determine l(-25).
106
Let d(a) = 15167*a - 151649. Give d(10).
21
Let q(j) = -395*j + 20905. Calculate q(49).
1550
Let f(p) = 46*p - 2766. Determine f(60).
-6
Let n(h) = -h**3 - 99*h**2 - 729*h + 27392. Determine n(-87).
-13
Let x(h) = -36*h**2 + 4282*h + 300. Give x(119).
62
Let y(x) = -59*x - 3990. Determine y(-76).
494
Let g(p) = -8965*p + 17904. Calculate g(2).
-26
Let g(l) = 2*l**2 - 335151*l - 4692510. Calculate g(-14).
-4
Let u(x) = x**3 + 4*x**2 - 81*x - 41. Calculate u(7).
-69
Let b(n) = -n**2 + 192*n + 661. Give b(-16).
-2667
Let g(d) = -15696*d - 832273. Give g(-53).
-385
Let i(o) = -o**3 - 401*o**2 - 3371*o - 866450. Calculate i(-398).
-4
Let v(m) = -66*m**2 + 6792*m + 621. Give v(103).
3
Let k(b) = -128453*b + 385306. What is k(3)?
-53
Let r(q) = -3865*q + 7612. Determine r(2).
-118
Let v(a) = 22*a**3 - 3*a**2 - 794*a + 795. What is v(1)?
20
Let o(k) = -762272*k + 2286816. Calculate o(3).
0
Let o(z) = -2*z**2 - 216*z - 8638. Determine o(-69).
-3256
Let x(h) = -h**3 + 933*h**2 + 1831*h - 70. Determine x(-2).
8
Let r(i) = -107166*i + 3322132. Give r(31).
-14
Let r(b) = -8155*b - 8106069. Give r(-994).
1
Let q(k) = -8*k**3 + 6*k**2 - 777*k - 1576. What is q(-2)?
66
Let p(q) = 981*q - 5654. Determine p(6).
232
Let t(z) = 2433*z + 11594. Calculate t(-5).
-571
Let p(a) = -14*a**2 + 70254*a - 70250. Give p(1).
-10
Let d(r) = 2366*r - 503. What is d(0)?
-503
Let o(z) = z**2 + 6160*z + 147341. What is o(-24)?
77
Let h(o) = -9037*o - 189785. What is h(-21)?
-8
Let i(l) = 3*l**3 + 33*l**2 - 14*l - 258. What is i(-14)?
-1826
Let a(r) = 4*r**3 + 27*r**2 + 51*r + 123. Calculate a(-11).
-2495
Let p(t) = 40*t**2 + 182*t + 6. What is p(-1)?
-136
Let n(a) = -22478*a - 404632. Give n(-18).
-28
Let x(d) = d**3 + 202*d**2 + 2122*d - 7. Determine x(-11).
-238
Let i(b) = 8*b**3 + 8*b**2 - 29*b - 72. What is i(-3)?
-129
Let p(n) = n**3 + 40*n**2 + 64*n - 409. Give p(-38).
47
Let x(p) = p**2 - 64*p - 26525. Give x(-134).
7
Let l(t) = -4558*t + 196004. Give l(43).
10
Let o(l) = 13*l**2 - 606*l + 153. Give o(36).
-4815
Let j(v) = -2*v**3 - 110*v**2 - 92*v + 65. Give j(-54).
-799
Let v(w) = -w**2 + 26571*w - 451403. Calculate v(17).
15
Let v(q) = q**3 - 453*q**2 - 8109*q - 2028. Calculate v(-17).
-5
Let c(q) = -5*q**3 + 17*q**2 + 1587*q - 6292. What is c(4)?
8
Let x(h) = -31178*h + 155926. Give x(5).
36
Let h(d) = 44*d**2 + 29*d - 33. Determine h(1).
40
Let h(d) = d**3 + 4*d**2 - 68*d + 3954. Calculate h(-19).
-169
Let l(z) = 26161*z - 130721. Calculate l(5).
84
Let s(o) = 15*o**3 - 3387*o**2 - 684*o + 614. What is s(226)?
-742
Let j(g) = -3*g**2 - 15*g + 135. Determine j(-10).
-15
Let a(p) = p**2 - 2827*p - 111746. Give a(-39).
28
Let r(f) = -f**3 + 450*f**2 + 7353*f + 48013. What is r(466)?
15
Let g(i) = i**2 - 1526*i + 12138. Give g(8).
-6
Let w(p) = 2*p**2 + 32648*p + 1302720. Give w(-40).
0
Let b(f) = f**3 - 1021*f**2 + 118120*f - 14209. Determine b(888).
-1
Let x(o) = -o**3 + 214*o**2 - 4028*o + 472. Determine x(193).
5297
Let b(f) = f**3 + 418*f**2 + 260*f - 65674. Determine b(-417).
-205
Let f(b) = 1053*b - 25234. Calculate f(24).
38
Let a(i) = -963*i**3 - 4815*i**2 - 38*i - 218. Give a(-5).
-28
Let o(q) = -2*q**3 - 26*q**2 - 382*q - 5015. Give o(-13).
-49
Let n(d) = 4228*d + 1581276. Give n(-374).
4
Let q(x) = 12*x**2 - 334*x + 5828. Determine q(18).
3704
Let l(g) = -36699*g**2 + 36660*g - 2. Give l(1).
-41
Let b(m) = -2*m**3 - 42*m - 95. Determine b(10).
-2515
Let q(v) = -v**3 + 13*v**2 + 777*v - 245. Determine q(35).
0
Let y(z) = 6110*z + 238266. What is y(-39)?
-24
Let j(t) = -19*t**2 - 223*t - 223. Give j(-1).
-19
Let u(g) = 9933497*g + 39733993. Give u(-4).
5
Let y(t) = 81*t + 826. What is y(17)?
2203
Let n(p) = 1100057*p - 17600907. Give n(16).
5
Let w(z) = 3878*z - 170538. Give w(44).
94
Let p(z) = 212*z - 8227. Calculate p(39).
41
Let k(a) = -2070*a - 583657. Give k(-282).
83
Let w(z) = -22*z**2 + 4463*z + 201357. What is w(-38)?
-5
Let d(c) = -14*c**3 + 688*c**2 - 101*c + 60. Calculate d(49).
-87
Let v(z) = 3834356*z - 15337414. Calculate v(4).
10
Let q(f) = -2065658*f + 6196978. Determine q(3).
4
Let j(w) = w**3 - 798*w**2 - 536*w + 427719. Calculate j(798).
-9
Let f(r) = -3499*r - 17510. What is f(-5)?
-15
Let q(i) = 82*i + 31487. What is q(-384)?
-1
Let l(i) = -47416*i**2 - 1232814*i + 47. Determine l(-26).
-5
Let v(z) = -z**3 + 40*z**2 - 336*z - 550. Calculate v(33).
-4015
Let q(h) = -2*h**3 + 65*h**2 - 5*h + 231. Determine q(33).
-1023
Let f(n) = 107*n**3 + 2181*n**2 + 788*n - 626. Determine f(-20).
14
Let c(q) = -570*q + 641. Give c(4).
-1639
Let o(d) = 17031*d - 85313. Give o(5).
-158
Let v(u) = -u**2 - 19956*u - 3618453. What is v(-183)?
6
Let s(v) = 1880*v + 13113. Determine s(-7).
-47
Let u(r) = -r**2 + 7185*r + 28744. Calculate u(-4).
-12
Let i(m) = -m**2 + 80*m - 869. Give i(53).
562
Let j(m) = m**3 + 109*m**2 - 4856*m - 59. Give j(34).
145
Let s(q) = -6148*q + 23615. Calculate s(3).
5171
Let z(a) = -a**3 + 97*a**2 + 752*a - 2492. Give z(104).
4
Let z(p) = 205904*p + 823778. What is z(-4)?
162
Let a(u) = -39*u**2 - 272*u - 1769. Calculate a(-6).
-1541
Let y(h) = 189*h**2 + 48*h + 6. What is y(2)?
858
Let m(t) = -4345*t + 604024. Calculate m(139).
69
Let s(x) = -2185*x - 120170. Calculate s(-55).
5
Let t(j) = -820*j + 40255. Determine t(49).
75
Let v(o) = -10*o**2 - 333*o + 1520. Calculate v(5).
-395
Let n(i) = -77*i - 13178. Determine n(-160).
-858
Let l(a) = 14*a**2 + 504*a + 4559. Calculate l(-19).
37
Let j(i) = i**2 + 18774*i - 1565119. Give j(83).
12